alculate u(l).
18
Let a(y) = -2*y**3 - 17*y**2 + 15*y + 11. Let c(w) = -8*w**2 + 5 - 4*w + 2*w**3 + 4*w + 7*w - 3*w**3. Let u(j) = 6*a(j) - 13*c(j). Give u(-3).
-5
Suppose -16*a = -7*a - 63. Suppose 0 = a*w + 3*w. Let x(q) = -q + 1. Let i(b) = b**3 + b**2 + 3*b - 18. Let f(s) = -i(s) - 4*x(s). Determine f(w).
14
Let n be (3 - 7)*(0 + (-8 - -9)). Let j(x) = -x**2 - 2*x + 2. What is j(n)?
-6
Let b(l) be the third derivative of l**4/12 - 5*l**3/6 - 72*l**2. What is b(0)?
-5
Let h(i) be the first derivative of i**5/30 - i**4/8 + i**3/2 - 3*i**2/2 + 1. Let f(z) be the second derivative of h(z). What is f(2)?
5
Let t = -210 + 23. Let z be 2/(-8) - t/44. Suppose -4*y + z = -0*y. Let n(u) = -4*u**3 + u**2. What is n(y)?
-3
Let h = -103 + 97. Let d(t) = -t**3 - 6*t**2 + 2*t + 7. Calculate d(h).
-5
Let l(k) = -10*k**2 - k - 6. Let g(q) = 9*q**2 + q + 5. Let w(d) = -5*g(d) - 4*l(d). What is w(-2)?
-19
Let y(s) = -2*s**2 + 3*s + 3. Let r be y(3). Suppose -20 = -5*q + 10. Let o(a) = q - a - 13 + 4. Give o(r).
3
Let y(b) = -2*b + 1218 - 2436 + b + 1218. Suppose -4 = g + d, d = -4*g - 13 - 3. Let a(z) = -z - 7. Let l be a(g). Determine y(l).
3
Let m(t) be the first derivative of t**5/60 + 3*t**4/8 - 2*t**3/3 + 10*t**2 - 37. Let u(g) be the second derivative of m(g). Give u(-8).
-12
Let c(a) = -a**3 - 7*a**2 - a + 3. Let p = 95 + -102. Give c(p).
10
Suppose -6*b - 10 = -8*b. Let y(t) = 2*t - 12. What is y(b)?
-2
Suppose 5*r - 4*v + 91 = 119, -4*r - 4*v + 8 = 0. Let l(b) = -b**3 + 3*b**2 + 4*b - 7. Give l(r).
-7
Let v(a) = a**2 + 3*a + 2. Let u(t) = -2*t**2 - 2*t - 4. Let i(b) = -2*u(b) - 3*v(b). Give i(2).
-4
Let i(w) = -w - 4. Suppose 4*p - 2*p = 4*q - 8, p - 17 = -5*q. Suppose -4*s + 0*d = d - 20, 0 = 4*s + p*d - 24. Give i(s).
-8
Let l = 2 + -2. Let j(b) = 2 + 2*b + b**3 + l*b**3 - b**2 - 3*b. Suppose -28*f - 20 = -20. Calculate j(f).
2
Let l(o) = 2*o**3 - o**2 + 4*o**2 - 6*o**2. Let j(q) be the first derivative of q**2/2 + 7*q + 5. Let n be j(-5). Give l(n).
4
Let o(g) = g**3 - 17*g**2 + 2*g - 20. Suppose -133*m = -134*m - 4*z + 29, -m - 2*z + 23 = 0. What is o(m)?
14
Let o(i) = -5*i - 15 - 11 - 11 + 37. Let u be ((-16)/(-20))/((-2)/10). Let k be 2/(-3)*6/u. Calculate o(k).
-5
Let r(g) = -4*g**2 + 2*g + 1. Let z = 176 + -177. Give r(z).
-5
Let l(z) = 29*z + 31. Let f(x) = 15*x + 15. Let a(t) = 5*f(t) - 2*l(t). Let w(v) = -4*v - 3. Let m(o) = 4*a(o) + 18*w(o). Calculate m(3).
-14
Let b(m) = m + 9. Suppose -14*i + 18*i = 24. Determine b(i).
15
Let r(t) = t**2 - 8*t - 4. Let m(l) = -l**3 - 11*l**2 - l + 3. Let w be m(-11). Let d be ((-10)/35)/1 + 116/w. Determine r(d).
-4
Let l(r) be the third derivative of r**9/60480 + r**8/20160 + r**6/180 - 7*r**5/30 - 4*r**2. Let s(v) be the third derivative of l(v). What is s(-3)?
-14
Suppose 4*t = -4*m + 4, 5*m - 5 = -64*t + 68*t. Let o(p) = -p**3 - p - 5. What is o(t)?
-5
Let z(a) = -a**3 + 15*a**2 - 18*a + 29. Let b be z(13). Let l = b + -133. Let q(o) = o**2 + o + 3. What is q(l)?
3
Let b = -22 - -27. Suppose 5*m - b*u + 3 = -2, 10 = -2*u. Let a(j) = -j**2 - 10*j - 8. Give a(m).
16
Let x(p) = -28*p**2 + 9*p + 1. Let a(o) = -13*o**2 + 5*o. Let d(v) = 13*a(v) - 6*x(v). Calculate d(11).
-6
Let b = -1623 + 1628. Let n(s) = -2*s**2 + 3*s**2 + s - s**3 + 7 + 4*s**2. Calculate n(b).
12
Let a(s) be the first derivative of s**3/3 + 3*s**2 - 17*s + 89. What is a(-8)?
-1
Let n(k) = -2*k - 3. Let u(o) = -5*o**2 - 4*o + 10. Let q(l) = -9*l**2 - 8*l + 21. Let h(w) = 4*q(w) - 7*u(w). Let d be h(-7). What is n(d)?
11
Suppose 2*c + 10 = 4*c. Let w be ((-4)/c)/(26/(-65)). Let k(a) = a**3 - w*a + 2*a - 3 + a**2 + 9. Calculate k(0).
6
Let w(j) = -j**2 - 3. Let h(s) = s**2 - 1. Let z(p) = 2*h(p) - w(p). What is z(-1)?
4
Let j(y) be the second derivative of -y**7/105 - y**6/360 - y**5/120 - y**4/24 + 13*y**3/6 + 24*y. Let k(m) be the second derivative of j(m). Determine k(-1).
7
Let a(b) be the first derivative of -2/3*b**3 + 1/2*b**2 + 3*b - 10. Determine a(3).
-12
Let k(l) be the second derivative of l**3/6 + 21*l**2/2 - 2*l + 5. Let y be k(-21). Let u(j) = -6 + 1 - j**3 + 2*j**3. Determine u(y).
-5
Let z(r) be the third derivative of -r**5/60 + 5*r**4/12 + 13*r**3/6 + 19*r**2 + 3*r. Determine z(12).
-11
Let f(k) be the third derivative of -k**5/60 - k**4/4 - k**3/6 + k**2. Let s = -52 - -84. Suppose -4*l = -4*d + s, 19 = -2*l + 4*d - 3. What is f(l)?
4
Let y(t) = 4*t - 39. Let u(c) = 2*c - 18. Let k(o) = 5*u(o) - 2*y(o). What is k(9)?
6
Let d(q) = q**2 + 9*q - 60. Let u be d(-14). Let h(z) = -z**2 + 12*z + 4. Give h(u).
24
Let w(d) = -d**2 - 7*d - 8. Let i be ((-5)/(-3))/(38/(-114)). What is w(i)?
2
Let g(p) = -p - 3. Let n be g(3). Let l(q) = -q**2 - 1. Let m(a) = -a**3 - 2*a**2 - 3*a - 5. Let s(t) = n*l(t) + m(t). What is s(3)?
1
Let s = 6 - 3. Suppose -2*n - s*x = -8, -3*n - 5*x - 1 = -14. Let z(v) = -15*v - 1. Calculate z(n).
-16
Let n(t) be the second derivative of t**6/120 + 2*t**5/15 - 3*t**4/8 - 2*t**3/3 + 12*t**2 - 7*t. Let l(g) be the first derivative of n(g). Determine l(-9).
-4
Let q(n) = n**3 + n**2 - n + 15. Let o be (0/(-3))/((-18)/(-9)). Determine q(o).
15
Let m(q) = 2*q**2 - 7*q + 6. Let a be ((-2)/(-14))/((-19)/(-665)). Give m(a).
21
Let f(c) be the second derivative of -c**4/12 + 23*c**3/6 - 20*c**2 - 60*c. Give f(21).
2
Let d(k) = -k**2 - 4*k - 1. Let c = 19 - 15. Suppose n + 2 = v + v, 3*v = 2*n + c. Determine d(n).
3
Let l(u) = -12*u**3 + u**2 + u. Let g(y) = y**2 - 24*y + 118. Let c be g(17). What is l(c)?
12
Let c(d) be the third derivative of -d**6/120 + 7*d**5/60 - d**4/12 + 7*d**3/6 + 2*d**2. Let o be 37/5 - 2*5/25. Determine c(o).
-7
Let y(c) be the second derivative of -c**3/6 - 3*c**2 + 266*c. Give y(-7).
1
Let g(d) = d**2 - 9*d + 2. Let o(t) = -t - 1. Let m(h) = -g(h) + 2*o(h). Calculate m(4).
8
Let f(l) = 14*l**2 + 37*l + 9. Let k(m) = m**2 + 4*m + 1. Let i(n) = f(n) - 9*k(n). Suppose 3*c = c - 2. Calculate i(c).
4
Let n(g) = -3*g**3 - g**2 + 3*g - 4. Let c(o) = -o - 12. Let z be c(-16). Let f(y) = y**3 - y + 1. Let u(q) = z*f(q) + n(q). Determine u(0).
0
Let l(o) be the second derivative of -1/2*o**2 + 24*o - 1/3*o**3 + 0. Let q(b) = b**2 + 4*b + 1. Let c be q(-3). Calculate l(c).
3
Let m(y) be the first derivative of y**2/2 - 7*y + 581. Give m(3).
-4
Let i = 428 - 435. Let f(v) = -v**3 - 7*v**2 - v - 5. Determine f(i).
2
Let m(c) = -3*c. Let u be m(2). Let l(t) be the first derivative of -t**4/12 - 2*t**3/3 - 13*t**2 + 33. Let x(f) be the second derivative of l(f). What is x(u)?
8
Let s(g) be the second derivative of -g**7/840 - g**6/180 - 11*g**3/6 + g**2/2 + 61*g. Let b(n) be the second derivative of s(n). Let x = 2 - 4. Give b(x).
0
Let d(m) = 8*m + 0 - 3 + 0 + 1. Let x be d(1). Suppose -q + 4*p = -x, 5*p = -q - 0*q - 3. Let v(z) = z**2 + z - 1. Determine v(q).
5
Let l(k) = -90*k + 26*k - 9 + 30*k + 36*k. Give l(3).
-3
Let d = 905 - 903. Let a(l) be the first derivative of -29*l**3/3 + 9*l**2/2 - 5*l + 1. Let m(s) = 7*s**2 - 2*s + 1. Let n(x) = d*a(x) + 9*m(x). Give n(2).
19
Let v(m) = -25*m - 7. Let z(t) = 29*t + 7. Let g(i) = -7*v(i) - 6*z(i). Calculate g(-3).
4
Let b(g) = 5*g**3 + g**2 + 5. Let i(u) = -6*u**3 - u**2 - 6. Let o(t) = 7*b(t) + 6*i(t). Calculate o(2).
-5
Let i(c) = 8*c + 11 - 1 + c**2 + 0*c**2. Determine i(-5).
-5
Let k be (-13)/(-3) + (-2)/6. Let i(o) = -7*o + 5. Give i(k).
-23
Let s(o) be the second derivative of -o**5/20 - o**4/3 - o**3/6 - o**2 - 25*o. Determine s(-4).
2
Let b(i) = -2*i**2 + 22*i - 12. Let n(p) = -p**2 + 10*p - 5. Let h(d) = 3*b(d) - 7*n(d). Give h(3).
-4
Suppose 15*o + 5 = -55. Let y(a) = -a + 1. What is y(o)?
5
Let g(k) = k + 8. Let u(y) = 2*y + 10. Let i(d) = -2*d - 11. Let n(v) = -3*i(v) - 4*u(v). Let w(x) = -3*g(x) - 2*n(x). Determine w(5).
-5
Let k(n) = -40*n - 1. Suppose 15*z - 27*z - 12 = 0. Calculate k(z).
39
Let l(q) = -q**3 - 10*q**2 + 2*q + 12. Suppose -60 = 4*h - 4*z, -4*h + 2*z - 17 = 33. Calculate l(h).
-8
Let u = -34 - -11. Let x = 29 + u. Let d(n) = 2*n**3 - 21*n**2 + 13*n - 23. Let i(t) = -t**3 + 11*t**2 - 7*t + 12. Let v(y) = x*d(y) + 11*i(y). What is v(5)?
-1
Let u(z) be the third derivative of -z**6/720 - 7*z**4/6 - 7*z**2. Let h(t) be the second derivative of u(t). What is h(-2)?
2
Let f(i) = -4*i + 10. Let p(n) = -n - 1. Let w(b) = -f